 0 = -10*n + 6*n + 20. Let r(c) = 10*c**2 - 21*c - 3*c**2 - 4*c**2 - n. Is r(-16) a prime number?
False
Is 71402 - 2/((-4)/18) a composite number?
False
Let b = 244 + -82. Suppose -4*l = -l - b. Let m = l - -89. Is m composite?
True
Let b(y) = -111*y - 7. Suppose -2*p + p - 12 = 0. Let a be b(p). Suppose -2*w + a = 3*w. Is w composite?
True
Suppose 58*h - 55*h = 49947. Is h composite?
False
Let y be 2556/28 - (-6)/(-21). Suppose f = v - y, 2*v = -0*v - 3*f + 162. Is v prime?
False
Suppose 2*t + 4*a + 1581 - 4663 = 0, -2*t = 2*a - 3076. Is t composite?
True
Suppose 5*t - t + 3*k - 1566 = 0, -1948 = -5*t + k. Suppose 0 = -12*c + 2118 + t. Is c a composite number?
True
Let i = 2709 + -478. Is i composite?
True
Let c(l) = 2*l**3 - 6*l + l**3 - 4*l**3 + 8*l**2 - 1. Let f be c(7). Is (-151)/(-2) - f/(-4) prime?
False
Let p = 329 - -90. Is p composite?
False
Let i = 99 + -107. Is (-7290)/i - (-6)/(-24) a prime number?
True
Let d = 17753 + -4230. Is d a prime number?
True
Let y(j) = -j**2 - 3*j + 4. Suppose -6 = 2*r - 0. Let b be y(r). Suppose 4*x - 273 = -0*p + p, 0 = 5*x - b*p - 355. Is x prime?
True
Suppose 0 = 4*m + 2*o - 1534, 502 = m - 5*o + 146. Is m a prime number?
False
Suppose 0*o = 2*p + 2*o - 1290, 1300 = 2*p - 3*o. Is p a composite number?
False
Suppose -5*b + 564 = i, -2*i = -b - 4*i + 120. Suppose 2*u - 27 = 15. Suppose -5*k = -k - 3*n - b, -n + u = k. Is k prime?
False
Suppose 0 = 5*w + 49 + 61. Is ((-2321)/w)/((-1)/(-14)) prime?
False
Let v(u) = -u**2 - u + 6. Let h be v(5). Let j = 8 - h. Is ((-8)/j)/((-2)/2008) a composite number?
False
Let j = -35 - -37. Suppose -g + 3*k = -k - 195, -j*g + k = -383. Is g a composite number?
False
Suppose 6*s = 7*s - 2105. Suppose 5*x - 479 = -a, 3*a + 4*x - s = -668. Is a composite?
False
Let k = 7 + -7. Let d = 2 + k. Suppose 0 = 4*o + d*m - 204, 0 = o - 3*o + 5*m + 126. Is o a prime number?
True
Suppose -6 = 4*h + 6, 0 = -5*v - 5*h - 94365. Is v/(-8) - 11/(-44) prime?
False
Let s(i) = i**3 - 28*i**2 - 56*i - 13. Is s(32) composite?
True
Let l be (-5 - -6)*1*1295. Suppose -5*q + 1485 = -l. Suppose 3*d - q = -d. Is d a prime number?
True
Suppose 0 = -5*h + 3*p + 5, -3*h + 2*h = -2*p + 6. Suppose 4*m = 3*x - 96, 2*x - 156 + 56 = h*m. Let z = m + 98. Is z a prime number?
True
Let v be (15 + -2)/(4/20). Suppose p - v = 24. Suppose 2*o - 99 = -q, p = -3*q + 4*q - 3*o. Is q a prime number?
False
Let p be (-42*1)/((-6)/116). Suppose -7*b = -3*b - p. Is b prime?
False
Suppose -5*q + 210 = -0*q. Let n be (-18)/(-27)*(-6)/4. Is q + 3 + 2/n a composite number?
False
Let s be 75/21 + 9/21. Suppose -4*q - 5*h + 453 - s = 0, -116 = -q - 2*h. Is q composite?
True
Suppose -9*n - 7*n = 0. Suppose 0 = -n*h + h - 2*s - 673, -5*h + 3341 = 2*s. Is h a prime number?
False
Suppose 8*i - 3*i - 15 = 0. Suppose i*j = -292 + 1201. Suppose -2*b = -0*l + 4*l - 594, b + 5*l - j = 0. Is b a prime number?
True
Suppose 3*m = g - 80, -g + 1 = -1. Let k = 250 + m. Is (k - 1)/(4 + -3) composite?
False
Suppose 3*i - 6*v - 382 = -2*v, -362 = -3*i - v. Suppose -j = -2*j + i. Is -3 + 1/(2/j) prime?
False
Suppose 5 = 4*f - 3. Suppose 0 = -y - f*y. Suppose 307 = m - y*m. Is m a composite number?
False
Suppose -12*k + 6 = -8*k - 2*a, -4*k + 5*a = -9. Let u be 3*(-2)/(2 - 0). Is ((-139)/(-1) - u) + k prime?
False
Let j = 1775 - 366. Is j composite?
False
Suppose -7751 = -5*o - 5*c - 2361, 3*o - 3*c - 3228 = 0. Let h = -496 + o. Is h prime?
False
Let n(m) be the third derivative of -11*m**4/24 + m**3/2 + 8*m**2. Let c be n(3). Is c/(-195) + 4962/26 composite?
False
Suppose -36 = 3*s + 3*g, 51 = -0*s - 3*s + 2*g. Is 4/10 + (2 - 76299/s) a composite number?
True
Suppose r - 8107 = -4*w, -3*w + 46 - 49 = 0. Is r a composite number?
False
Suppose 0 = -4*n - 5*s + 143651 + 367594, -4*n + 4*s = -511200. Is n composite?
True
Suppose 2312 = 3*r + 3*j - 77458, 3*j + 53185 = 2*r. Is r composite?
False
Let j(m) be the first derivative of -m**4/4 + 2*m**3 + 3*m**2 - 7. Let p be 10/2 + -3 + 3. Is j(p) a composite number?
True
Let p = -1 + 9. Suppose 2*z + 2 = 2*c + z, -5*c = 4*z + p. Suppose -101 = -5*o - 3*m + 152, c = 5*o + 2*m - 257. Is o a prime number?
True
Let y = 444 + -656. Is (y/8)/((-3)/6) composite?
False
Suppose -z = -2*p + 5, -p + z + 7 = 2*p. Suppose -x + p = 0, -3*x + 372 = -0*f - 3*f. Let h = 63 - f. Is h a prime number?
False
Let b = 6148 + -4305. Is b a composite number?
True
Is ((-22874)/(-12))/(9/54)*1 a composite number?
False
Let h(l) = 29*l**2 + 2*l - 4. Let i = -4 - -12. Suppose i + 1 = 3*c + 2*d, -4*d + 15 = 5*c. Is h(c) a prime number?
True
Let v = 0 - 0. Let n(j) = j**3 + j**2 + j + 3. Let l be n(v). Suppose l*w = w + 662. Is w prime?
True
Let i = -18 + 21. Suppose -u = -i*u. Suppose 3*w - 144 - 93 = u. Is w a composite number?
False
Let q = 5253 + -2862. Is q composite?
True
Let k(s) = 5*s**2 - 3*s - 3. Let r be k(-1). Suppose -4*p = 2*c + p - 874, -c + r*p = -437. Is c a prime number?
False
Let x be 16/(-12) - 26/(-6). Let u = 570 + x. Is u composite?
True
Let z(m) = 0 - 15*m + 60*m + 3. Let f(v) = 22*v + 1. Let u(l) = 5*f(l) - 2*z(l). Is u(3) a composite number?
False
Let p(c) = -c**3 - 62*c**2 - 234*c - 115. Let z be p(-58). Let v(t) = t**2 - 5*t + 3. Let s be v(4). Is (454 + (-4 - s))*z composite?
True
Suppose -3*u + 45 = 2*u. Let n be (-9 + 4)*(-38 + 1). Suppose 0 = 4*q - u*q + n. Is q a composite number?
False
Suppose 4*z = -u + 2537, 2088 = -3*u - 2*z + 9689. Is u prime?
False
Let p(f) = -174*f - 24. Let j be p(-13). Suppose 9*z = j + 14385. Is z a prime number?
True
Let n(a) = 84*a - 109. Is n(9) a prime number?
True
Let l be ((-564)/(-24))/((-1)/2). Is (-8 + 21)/((-1)/l) a prime number?
False
Let c(z) = 24*z + 3. Let r = -6 + 2. Let d be 3 - -1 - r/(-2). Is c(d) a composite number?
True
Let u(y) = 14*y**2 + 45*y - 8. Let a(s) = -5*s**2 - 15*s + 3. Let f(m) = -11*a(m) - 4*u(m). Let l be f(-12). Suppose 3*q - 8*q = -l. Is q composite?
False
Suppose 3*f = 6*f. Let u be -1 - f - (0 + -126). Suppose 4*p = 623 + u. Is p a prime number?
False
Suppose -2*p + 5*b + 22 + 7 = 0, 3*b + 15 = 0. Suppose 0 = p*n + 14 - 448. Is n composite?
True
Let d = -10358 + 19519. Suppose d - 23 = 6*s. Is s prime?
True
Is 676695/7 + (-122)/(-427) prime?
True
Let g = 5106 - 2405. Is g a composite number?
True
Let g = -21 - -23. Suppose -4*p = 0, 0*p = -3*j + g*p - 447. Let n = 450 + j. Is n a composite number?
True
Let z(t) = -t - 2. Let x be z(-5). Suppose -x*v + 15 = 0, -u - 2*u = -v - 22. Is -2 - -1*(0 + u) a composite number?
False
Let l = -1 - -1. Let f(n) = -n**3 + 4*n**2 + 4*n - 5. Let z be f(4). Is (z + 4)*(1 + l) prime?
False
Let c(y) = 22*y**2 + 13*y + 1. Suppose 6*g = -17 - 25. Let b be c(g). Suppose 5*k = -q + 198, 5*q + 3*k = b + 24. Is q a prime number?
False
Suppose -16*g = -5*n - 19*g + 5656, -5*g = n - 1118. Is n a prime number?
False
Let n(r) = 3*r**3 - 28*r**2 + 39*r - 29. Is n(18) a composite number?
True
Suppose 354*h - 339*h - 326505 = 0. Is h a prime number?
True
Suppose 0 = 4*p + 2*s + 12, 4 = -2*s - 0. Let a be 21*p/(-12)*-2. Let g = a + 10. Is g a composite number?
False
Let o(i) = -1. Let d(h) = -2*h - 17. Let m(j) = d(j) - 4*o(j). Suppose -5*x - 5*u = 75, -2*x - 4*u = -5*x - 31. Is m(x) a prime number?
True
Let x = -641 + 2875. Is x composite?
True
Suppose -3*n - 10629 = -6*n - 4*p, -5*p = n - 3543. Is n a composite number?
True
Suppose 16*a - 12*a = -l + 22017, -l + 22012 = -a. Is l prime?
True
Is (-8936)/(-112)*7*(-1 + 3) a prime number?
True
Suppose 0 = -4*t + 4808 - 248. Let f = -655 + t. Is f composite?
True
Suppose -w + 3*z + 1296 = -454, 0 = 3*w - 5*z - 5262. Is w prime?
True
Suppose -3*y = -8*y - 45. Let u = y - -10. Is (1 - (u + 1))*-155 prime?
False
Let o = -32 + 34. Let w be 9/(-6)*8/(-6). Suppose 15 = 5*v, o*f - 21 = w*v + 91. Is f a composite number?
False
Let i be (2 - (-2 + 0))*(5 - -3). Let o be 108/2 - -1*1. Let s = i + o. Is s a prime number?
False
Let u = -73 - -70. Is (-1)/(u/5862*2) a composite number?
False
Suppose g + 44948 + 42973 = 4*l, 3*l - g = 65942. Is l prime?
False
Suppose 0*i + 7 = 2*r + 3*i, -i = 3*r + 7. Is (r + 5 - 4) + 917 composite?
True
Is 17/8*-4*-1546 composite?
True
Let j(n) = 3*n**2 + 26*n + 53. Is j(-20) prime?
True
Let s = 80 + -90. Is 4085/3 - (s/(-15) - 0) a prime numb